{"id":92,"date":"2014-03-13T10:55:04","date_gmt":"2014-03-13T11:55:04","guid":{"rendered":"http:\/\/franziska-wagenknecht.de\/?page_id=92"},"modified":"2014-09-24T13:58:03","modified_gmt":"2014-09-24T14:58:03","slug":"wie-heiss-ist-dein-preis","status":"publish","type":"page","link":"https:\/\/franziska-wagenknecht.de\/?page_id=92","title":{"rendered":"Wie hei\u00df ist dein Preis?"},"content":{"rendered":"<p lang=\"en-US\" align=\"JUSTIFY\"><span style=\"font-family: Agency FB,Trebuchet MS,sans-serif;\"><span style=\"font-size: medium;\"><i>Was tut man nicht alles f\u00fcr Geld? Eine Frage, die zugegebenerma\u00dfen schon einen recht langen Bart tr\u00e4gt. Viel interessanter w\u00e4re an dieser Stelle mal ein Perspektivenwechsel. Welche Jobangebote flattern einem so in den Posteingang, wenn man bei Ebay eine Kleinanzeige mit <\/i><\/span><\/span><span style=\"color: #000000;\"><span style=\"font-family: Agency FB,Trebuchet MS,sans-serif;\"><span style=\"font-size: medium;\"><i>dem, doch recht pr\u00e4gnanten Text: <strong>&#8216;<\/strong><\/i><\/span><\/span><\/span><span style=\"color: #0000ff;\"><span style=\"color: #000000;\"><span style=\"font-family: Agency FB,Trebuchet MS,sans-serif;\"><span style=\"font-size: medium;\"><i>junge frau sucht dringend job, egal was, egal wo&#8217;<\/i><\/span><\/span><\/span><\/span><span style=\"color: #000000;\"><span style=\"font-family: Agency FB,Trebuchet MS,sans-serif;\"><span style=\"font-size: medium;\"><i> aufgibt?<\/i><\/span><\/span><\/span><\/p>\n<p lang=\"en-US\" align=\"JUSTIFY\">Der Konsumzwang des modernen Kapitalismus zwingt uns zur Partizipation. Wer gesellschaftliche Teilhabe anstrebt, muss sich am Kreislauf von Ware und Wert beteiligen. Aber um aufs Konsumkarussell aufzusteigen, muss erst einmal f\u00fcr ein Auskommen gesorgt werden. Und das ist oft nicht so einfach. Ob durch j\u00fcngste Konzernschlie\u00dfungen freigesetzt, oder als Post-Student erst gar nicht den Fu\u00df in die T\u00fcr zum Arbeitsmarkt bekommen \u2013 oft bleibt vorerst nur das geringf\u00fcgige Besch\u00e4ftigungsverh\u00e4ltnis.<\/p>\n<p lang=\"en-US\" align=\"JUSTIFY\">Das prek\u00e4re Arbeitsverh\u00e4ltnis \u2013 ein kollektives Schicksal das promovierte Politikwissenschaftler, alleinerziehende M\u00fctter, ehemalige Schlecker-Kassiererinnen, Schulabbrecher\u00a0 und Studenten nahezu jeder Fachrichtung eint. Eckpfeile dieses Verh\u00e4ltnisses sind hohe Fluktuation, geringe Eintritts- und ebenso geringe Austrittsbarrieren, aufgrund vollkommener Ersetzbarkeit des seelenlosen, arbeitsverrichtenden Niedriglohn-Zombies. Arbeitnehmerrechte und Mindestlohn fallen dagegen eher durch ihre Absenz auf.<\/p>\n<p lang=\"en-US\" style=\"text-align: justify;\" align=\"JUSTIFY\">Wer nicht im Zirkus-der-auf-450\u20ac-begrenzten-Erniedrigung mitspielen will, kann immer noch Eigeninitiative zeigen und sich und seine Arbeitskraft auf Internetauktionsportalen feilbieten.<\/p>\n<p lang=\"en-US\" style=\"text-align: center;\" align=\"JUSTIFY\"><span style=\"color: #999999;\"><em>&#8220;hi machst du auch sex?&#8221;<\/em><\/span><\/p>\n<p lang=\"en-US\" align=\"JUSTIFY\">Aber sind die Angebote sittlich hochwertiger oder wenigstens lukrativer? Moralische Werte darf man eher nicht erwarten, wenn man als junge Frau seinem\u00a0 Grad der Verzweiflung mit dem Adjektiv &#8220;dringend&#8221; Nachdruck verleiht.<\/p>\n<p lang=\"en-US\" style=\"text-align: center;\" align=\"JUSTIFY\"><span style=\"color: #888888;\"><em>&#8220;Ich suche ein freches Model f\u00fcr ein Fotoshooting in Akt. Hast du Lust? Keine Ver\u00f6ffentlichung.&#8221;<\/em><\/span><\/p>\n<p lang=\"en-US\" align=\"JUSTIFY\">Wer Dringlichkeit riecht, verf\u00e4llt auf plumpe Angebote weil er denkt, mit steigender Arbeitsbereitschaft sinkt das Ma\u00df an pers\u00f6nlichen Grenzen. Dass die meisten Angebote in engeren oder weiteren Bahnen um das Thema Sex kreisen, \u00fcberrascht kaum.<\/p>\n<p lang=\"en-US\" style=\"text-align: center;\" align=\"JUSTIFY\"><span style=\"color: #999999;\"><em>&#8220;Ich bin Fotograph im Bereich sexistischer und pornographischer Akt. Habe ein Fotostudio in der N\u00e4he und eventuell besteht Interesse, als Fotomodell zu arbeiten. Shootings sind ohne Gesicht und Ihr verdienst liegt bei 900 Euro.&#8221;<\/em><\/span><\/p>\n<p lang=\"en-US\" align=\"JUSTIFY\">Wer allerdings ausschlie\u00dflich triviale Offerten wie \u201ehi machst du auch Sex?\u201c erwartet, wird positiv \u00fcberrascht, von der Mannigfaltigkeit der Angebote. Einige liegen doch in betr\u00e4chtlicher Entfernung des schn\u00f6den 08\/15 &#8220;Habe Geld, suche\u00a0 Freunde&#8221;- Klassikers, sodass sie im ersten Moment eine interessante Abwechslung vom immer gleichen Kaffee servieren im Kellnerjob, oder telefonieren im Callcenter\u00a0 bieten.<\/p>\n<p lang=\"en-US\" style=\"text-align: center;\" align=\"JUSTIFY\"><span style=\"color: #999999;\"><em>&#8220;Ich bin Steinbildhauer, m\u00f6chte eine Skulptur machen, daf\u00fcr suche ich ein Po-Model. es ist absolut diskret. Bezahlung sehr gut.&#8221; <\/em><\/span><\/p>\n<p>Denn mal ehrlich, wer w\u00fcrde nicht gerne seine Kehrseite in Stein gemei\u00dfelt betrachten? Da haste mal was f\u00fcr die Ewigkeit. Dagegen schmieren die kollektiv-individuellen Babybauchabdr\u00fccke werdender M\u00fctter, die sich noch Jahre nach dem sie geworfen haben ihrer Tr\u00e4chtigkeit und dem dazugeh\u00f6rigen Pr\u00e4-Still-Busen erinnern wollen, wahrlich ab.<\/p>\n<p lang=\"en-US\" align=\"JUSTIFY\">Stutzig und zugleich neugierig wird mein bei der Suche einer Antwort auf die Frage, was zur H\u00f6lle eigentlich sexistischer Akt sein soll? Steht das Model hier im Slip-Ouvert \u00fcber den Herd gebeugt und schrubbt das Cerankochfeld w\u00e4hrend der G\u00f6ttergatte im Hintergrund, in Feinripp gewandet, sein 5.0er vor der Glotze genie\u00dft?<\/p>\n<p lang=\"en-US\" align=\"JUSTIFY\">Oder ist das Motiv hier die sexy-keusche Sekret\u00e4rin, die sich weit nach vorne beugt um dem Chef Kaffee nachzuschenken, dabei das sowieso schon kaum verh\u00fcllte Dekollet\u00e9 preisgibt und ein verz\u00fccktes L\u00e4cheln ihren roten Schmollmund umspielt, w\u00e4hrend die Hand, die sie f\u00fcttert, auf ihrem Allerwertesten liegt?<\/p>\n<p lang=\"en-US\" style=\"text-align: center;\" align=\"JUSTIFY\"><span style=\"color: #999999;\"><em>&#8220;hi w\u00fcrde dir finanziell immer helfen wenn du mich gelegentlich massierst. melde dich doch mal.&#8221;<\/em><\/span><\/p>\n<p lang=\"en-US\" style=\"text-align: justify;\" align=\"JUSTIFY\">Welche Dienstleistung erwartet wird, wenn die Stellenbeschreibung lautet \u201ewenn du mich gelegentlich massierst\u201c,\u00a0 bedarf nicht allzu viel Fantasie. Und was ein \u201eFotograf\u201c mit Bildern von einem \u201efrechen Model\u201c vorhat, die nicht zur Ver\u00f6ffentlichung gedacht sind, sondern nur privaten Zwecken dienen sollen, m\u00f6chte man sich doch nicht allzu bildhaft vorstellen.<\/p>\n<p lang=\"en-US\" style=\"text-align: center;\" align=\"JUSTIFY\"><span style=\"color: #999999;\"><em>&#8220;Wird dabei nur Seri\u00f6ses oder auch Unseri\u00f6ses f\u00fcr gutes Geld gesucht??&#8221;<\/em><\/span><\/p>\n<p lang=\"en-US\" align=\"JUSTIFY\">Wenigstens das Stellenangebot der pers\u00f6nlichen Assistenten w\u00fcrde sich gut im Lebenslauf machen. Dass Logis mit inbegriffen ist, macht das Engagement in Hamburg umso attraktiver. Welche Art von \u201eJob\u201c man hier zu verrichten hat, sollte sich jedoch im Arbeitszeugnis nicht unbedingt wiederfinden.<\/p>\n<p>Die Krux an all diesen Angeboten stellt sich bei n\u00e4herer Betrachtung allerdings wie folgt dar: Wer nicht einigerma\u00dfen ansehnlich, nach M\u00f6glichkeit jung und in jedem Fall weiblich ist, scheint aus dieser Arbeitsmarkt-Nische ausgeschlossen zu sein.<\/p>\n<p lang=\"en-US\" style=\"text-align: center;\" align=\"JUSTIFY\"><span style=\"color: #999999;\"><em>\u201eIch m\u00e4nnlich 27 (Foto vorhanden) suche Dich \ud83d\ude09 Wir verbringen einen sch\u00f6nen Abend miteinander, Cocktail trinken gehen &amp; evtl. Kino &amp; haben anschlie\u00dfend Spa\u00df \ud83d\ude42 Daf\u00fcr w\u00fcrdest du ein entsprechendes Honorar bekommen. Interesse geweckt?\u201d<\/em><\/span><\/p>\n<p lang=\"en-US\" align=\"JUSTIFY\">Was macht man nun, wenn man zum Beispiel ein Mitte-50-j\u00e4hriger Halbglatzentr\u00e4ger mit leichtem Bierbauch ist, der die letzten Jahre bei der Quelle an der Pforte gearbeitet hat?<\/p>\n<p lang=\"en-US\" align=\"JUSTIFY\">Dann scheint die T\u00fcr zu zwielichtigen Job-Angeboten auf dem Internetmarkt fest verschlossen zu bleiben.<\/p>\n<p lang=\"en-US\" style=\"text-align: center;\" align=\"JUSTIFY\"><span style=\"color: #999999;\"><em>\u201eIch m\u00e4nnlich 27 (Foto vorhanden) suche Dich \ud83d\ude09 Wir verbringen einen sch\u00f6nen Abend miteinander, Cocktail trinken gehen &amp; evtl. Kino &amp; haben anschlie\u00dfend Spa\u00df \ud83d\ude42 Daf\u00fcr w\u00fcrdest du ein entsprechendes Honorar bekommen. Interesse geweckt?\u201d<\/em><\/span><\/p>\n<p lang=\"en-US\" align=\"JUSTIFY\">Ob es sich allerdings tats\u00e4chlich um ein Privileg handelt, zur Zielgruppe gewisser Arbeitgeber zu geh\u00f6ren, bleibt fraglich. Leider ist es n\u00f6tig, sich auf die eine oder andere Art Zahlungsmittel zu verschaffen, um sich damit gesellschaftliche Teilhabe zu erkaufen. Denn der Wille nach sozialer Inklusion durch Konsum zwingt uns dazu, unsere Besitzt\u00fcmer solange zu mehren bis sie uns aus Ohren, Schr\u00e4nken und Schubladen quellen.<\/p>\n<p lang=\"en-US\" align=\"JUSTIFY\">Also bleibt dem ambitionierten Konsumenten wohl nur, seine Seele auf den Markt zu werfen und zu sehen, was daf\u00fcr zu kriegen ist. Welchen Weg er dazu w\u00e4hlt, bleibt im Gro\u00dfen und Ganzen ihm \u00fcberlassen, das hei\u00dft, solange der restriktive Markt nicht den Arbeitswilligen aufgrund seiner k\u00f6rperlichen Attribute vom Spiel ausschlie\u00dft. Dann steht man da, am Rande des Spielfelds, wie das traurige Kind das zuletzt ins V\u00f6lkerball-Team gew\u00e4hlt wird.<\/p>\n<p lang=\"en-US\" align=\"JUSTIFY\">Wer sich nicht dieser doppelten Erniedrigung aussetzen will, sollte also doch lieber auf den Exkurs in die Welt der Onlinewarenhausgesch\u00e4fte verzichten und bei Altbew\u00e4hrtem bleiben. Denn niemand m\u00f6chte h\u00f6ren, dass die Qualit\u00e4t des Angebotes nicht den Vorstellungen entspricht.<\/p>\n","protected":false},"excerpt":{"rendered":"<p>Was tut man nicht alles f\u00fcr Geld? Eine Frage, die zugegebenerma\u00dfen schon einen recht langen Bart tr\u00e4gt. Viel interessanter w\u00e4re an dieser Stelle mal ein Perspektivenwechsel. Welche Jobangebote flattern einem so in den Posteingang, wenn man bei Ebay eine Kleinanzeige mit dem, doch recht pr\u00e4gnanten Text: &#8216;junge frau sucht dringend job, egal was, egal wo&#8217; &hellip; <a href=\"https:\/\/franziska-wagenknecht.de\/?page_id=92\" class=\"more-link\"><span class=\"screen-reader-text\">Wie hei\u00df ist dein Preis?<\/span> weiterlesen <span class=\"meta-nav\">&rarr;<\/span><\/a><\/p>\n","protected":false},"author":1,"featured_media":0,"parent":0,"menu_order":0,"comment_status":"open","ping_status":"open","template":"","meta":{"footnotes":""},"class_list":["post-92","page","type-page","status-publish","hentry"],"_links":{"self":[{"href":"https:\/\/franziska-wagenknecht.de\/index.php?rest_route=\/wp\/v2\/pages\/92","targetHints":{"allow":["GET"]}}],"collection":[{"href":"https:\/\/franziska-wagenknecht.de\/index.php?rest_route=\/wp\/v2\/pages"}],"about":[{"href":"https:\/\/franziska-wagenknecht.de\/index.php?rest_route=\/wp\/v2\/types\/page"}],"author":[{"embeddable":true,"href":"https:\/\/franziska-wagenknecht.de\/index.php?rest_route=\/wp\/v2\/users\/1"}],"replies":[{"embeddable":true,"href":"https:\/\/franziska-wagenknecht.de\/index.php?rest_route=%2Fwp%2Fv2%2Fcomments&post=92"}],"version-history":[{"count":7,"href":"https:\/\/franziska-wagenknecht.de\/index.php?rest_route=\/wp\/v2\/pages\/92\/revisions"}],"predecessor-version":[{"id":133,"href":"https:\/\/franziska-wagenknecht.de\/index.php?rest_route=\/wp\/v2\/pages\/92\/revisions\/133"}],"wp:attachment":[{"href":"https:\/\/franziska-wagenknecht.de\/index.php?rest_route=%2Fwp%2Fv2%2Fmedia&parent=92"}],"curies":[{"name":"wp","href":"https:\/\/api.w.org\/{rel}","templated":true}]}}